
Let v(k) = 2*k + 81. What is v(-35)?
11
Let s(v) = -v**3 - 126*v**2 - 217*v + 3848. Calculate s(-124).
4
Let b(u) = 2*u**3 - 45*u**2 + 91*u - 35. Calculate b(20).
-215
Let c(u) = 109*u - 178. Determine c(7).
585
Let y(a) = -7*a**3 - 30*a**2 + 20*a - 32. What is y(-5)?
-7
Let p(q) = -q**3 + 109*q**2 + 16*q - 1722. What is p(109)?
22
Let v(f) = 18*f - 229. Calculate v(14).
23
Let v(x) = 267*x**3 + 2*x**2 - 34*x + 31. Determine v(1).
266
Let u(d) = -28*d**2 + 4*d + 3. Calculate u(-1).
-29
Let s(t) = -t**2 + 525*t + 6993. What is s(-13)?
-1
Let p(g) = g**2 + 22*g + 53. Calculate p(-3).
-4
Let i(w) = -3*w**3 + w**2 - 19*w + 40. Determine i(2).
-18
Let c(s) = -11*s - 1986. Give c(-180).
-6
Let t(d) = d**2 - 21*d + 129. What is t(12)?
21
Let v(q) = -q**3 + 169*q**2 + 508*q - 3. Calculate v(-3).
21
Let w(p) = -p**3 - 48*p**2 - 409*p - 19. Give w(-11).
3
Let j(o) = -o**2 - 6*o - 5. What is j(-4)?
3
Let r(o) = -o**2 - 13*o + 12. Give r(-16).
-36
Let g(j) = 2*j**2 + 32*j + 126. Calculate g(-10).
6
Let u(v) = -v**2 + 348*v + 8132. Give u(-22).
-8
Let u(w) = w**3 - 10*w**2 - 11*w + 64. Calculate u(10).
-46
Let z(o) = o**3 - 26*o**2 - 36*o + 59. Give z(26).
-877
Let o(x) = -34*x - 645. Calculate o(-22).
103
Let g(q) = 3049*q + 9146. What is g(-3)?
-1
Let r(m) = 35*m - 654. Give r(19).
11
Let g(h) = h**3 + 9*h**2 - 15*h - 32. What is g(-10)?
18
Let w(a) = -357*a - 29987. Give w(-84).
1
Let t(p) = 46*p + 821. What is t(-23)?
-237
Let z(j) = -3*j + 48. What is z(14)?
6
Let u(v) = -89*v - 4129. Calculate u(-46).
-35
Let j(z) = 188*z + 17868. Give j(-95).
8
Let v(m) = 6*m**3 - 38*m**2 - 129*m + 24. Calculate v(9).
159
Let y(d) = -d**2 + 34*d - 207. Give y(8).
1
Let f(y) = -6*y**2 - 43*y + 89. What is f(2)?
-21
Let v(c) = 2*c**3 - 31*c**2 + 112*c - 4. What is v(7)?
-53
Let t(s) = 96*s**2 + 1155*s + 35. Give t(-12).
-1
Let a(u) = -163*u - 9609. Give a(-59).
8
Let v(o) = -2327*o - 2323. Determine v(-1).
4
Let u(z) = z**2 + 8*z - 2. Calculate u(7).
103
Let c(z) = -4*z**2 - 568*z - 1128. Give c(-2).
-8
Let r(n) = -n**3 + n**2 + 41*n + 13. Calculate r(8).
-107
Let b(g) = 9*g**2 + 6*g - 136. Determine b(-13).
1307
Let u(y) = -y**3 - 10*y**2 - 4*y + 86. Give u(-8).
-10
Let f(j) = 77*j - 3541. What is f(45)?
-76
Let s(a) = -2*a**2 + 73*a - 49. Calculate s(29).
386
Let q(p) = p**3 + 3*p**2 + 16*p - 68. Give q(3).
34
Let d(u) = -u**3 - 40*u**2 - 18*u + 783. Calculate d(-39).
-36
Let u(t) = t**2 + 343*t - 5382. Calculate u(15).
-12
Let i(k) = k**2 - 110*k - 111. Determine i(111).
0
Let v(y) = -34*y + 418. What is v(12)?
10
Let f(k) = -k**2 - 27*k + 71. Calculate f(-29).
13
Let i(m) = -260*m - 70. What is i(0)?
-70
Let q(i) = -69*i - 1374. Give q(-18).
-132
Let x(b) = -3*b**3 + 813*b**2 + 811*b + 1373. What is x(272)?
13
Let h(r) = -r**3 + 77*r**2 + 179*r - 1652. Determine h(79).
7
Let u(o) = -20*o**2 - 876*o - 701. Determine u(-43).
-13
Let k(w) = -w**2 + 15*w + 105. What is k(-11)?
-181
Let d(x) = x**3 - 25*x**2 - 29*x + 36. Determine d(26).
-42
Let i(v) = -22*v**2 - 258*v + 1366. Calculate i(5).
-474
Let y(w) = -w**2 + 75*w + 1249. What is y(-14)?
3
Let y(l) = l**3 + 35*l**2 + 31*l - 54. Determine y(-34).
48
Let l(s) = -12*s**3 + 57*s**2 + 11*s + 16. Give l(5).
-4
Let c(x) = -253*x + 10127. Give c(40).
7
Let g(i) = 9*i - 630. Give g(71).
9
Let t(u) = -10*u**2 - 107*u - 254. Calculate t(-7).
5
Let t(y) = 4*y**2 - 82*y - 1922. Determine t(-14).
10
Let u(f) = 14*f - 46. Give u(3).
-4
Let d(f) = 4*f + 67. Calculate d(-33).
-65
Let r(a) = -184*a**3 + a**2 - a - 2. Give r(-1).
184
Let m(x) = x**3 + 30*x**2 - 220*x - 170. Determine m(-36).
-26
Let d(q) = -q**2 - 39*q - 337. Calculate d(-17).
37
Let k(j) = 759*j + 1495. Determine k(-2).
-23
Let z(w) = -2*w**3 + 29*w**2 + 118*w + 139. Determine z(18).
-5
Let a(k) = 7*k**2 + k + 8. What is a(4)?
124
Let d(l) = -7*l**2 - 56*l - 5. Give d(-8).
-5
Let a(f) = -156*f - 869. What is a(-6)?
67
Let a(s) = 48*s - 259. Give a(7).
77
Let m(b) = b**3 + 28*b**2 - 164*b + 29. Give m(-33).
-4
Let m(r) = -5*r**2 + 13*r - 2. Calculate m(4).
-30
Let s(w) = 124*w + 583. Give s(-4).
87
Let o(d) = 50*d - 694. What is o(14)?
6
Let d(b) = 14*b**2 + 134*b + 7. What is d(-8)?
-169
Let q(j) = -2*j**2 + 45*j + 448. Determine q(40).
-952
Let g(j) = j**3 - 6*j**2 + 19. What is g(7)?
68
Let g(p) = 3*p**2 + 10*p - 266. Determine g(8).
6
Let j(n) = -n**3 - 5*n**2 - 6*n + 2. Calculate j(-2).
2
Let d(u) = -7*u**2 + 20*u + 601. Determine d(-8).
-7
Let l(m) = 332*m - 4940. What is l(15)?
40
Let x(b) = 3*b**2 - 132*b + 1083. Determine x(11).
-6
Let g(v) = 77*v - 9099. Calculate g(117).
-90
Let i(l) = 39*l**2 - 6*l - 2. Give i(4).
598
Let j(z) = -2*z**2 + 20*z + 78. What is j(6)?
126
Let g(c) = -c**3 + 7*c**2 + 1159*c - 8120. What is g(7)?
-7
Let f(s) = s**3 - 51*s**2 + 49*s + 30. What is f(50)?
-20
Let y(v) = -3*v**2 - 51*v - 167. Give y(-11).
31
Let j(v) = -30*v + 255. Determine j(9).
-15
Let q(i) = -i**2 - 15*i - 31. Determine q(-3).
5
Let k(r) = 27*r**2 + 76*r + 78. What is k(-1)?
29
Let q(r) = -9*r**2 - 8*r + 10. Give q(-5).
-175
Let z(p) = 7*p**2 - 208*p + 37. Give z(30).
97
Let v(w) = w**2 + 78*w + 1375. Give v(-27).
-2
Let c(y) = 539*y - 3233. Determine c(6).
1
Let a(b) = -2*b**3 - 245*b**2 + 126*b + 281. Calculate a(-123).
-88
Let m(a) = a**3 + 12*a**2 - 18*a - 148. Give m(-15).
-553
Let w(g) = 2157*g - 25891. Determine w(12).
-7
Let z(c) = -1738*c - 15591. What is z(-9)?
51
Let d(v) = -3*v**2 + 5*v + 82. Determine d(-4).
14
Let g(l) = -l**3 - 17*l**2 + 16*l - 21. Give g(-17).
-293
Let v(k) = 6*k**3 + 3*k**2 + 9*k + 16. Calculate v(4).
484
Let i(d) = d**2 - 8*d - 426. Calculate i(25).
-1
Let p(i) = -5540*i + 16616. Calculate p(3).
-4
Let j(d) = 194*d + 763. What is j(-5)?
-207
Let a(k) = -78*k - 4939. Calculate a(-63).
-25
Let x(y) = 19*y + 206. Give x(10).
396
Let t(k) = -219*k - 18786. Give t(-86).
48
Let r(s) = -131*s + 2059. What is r(16)?
-37
Let d(b) = b**3 + 27*b**2 - 30*b - 75. Give d(-28).
-19
Let f(z) = -z**3 - z**2 + 5*z + 87. Give f(0).
87
Let a(k) = 7*k + 236. Give a(-47).
-93
Let o(l) = -l**2 - 33*l + 33. Determine o(-35).
-37
Let g(r) = -r**3 - 4*r**2 - 9*r + 35. Determine g(-6).
161
Let o(p) = -8*p**2 + p - 51. What is o(0)?
-51
Let g(k) = -402*k + 2417. Calculate g(6).
5
Let a(s) = 8*s**3 + 152*s**2 + 3*s + 35. Determine a(-19).
-22
Let u(c) = -c**3 - 7*c**2 + 6*c - 6. What is u(-5)?
-86
Let g(j) = -j**2 - 22*j + 141. Determine g(-18).
213
Let s(i) = -i**3 + 6*i**2 + 7*i + 88. Calculate s(8).
16
Let j(g) = -g**3 - 31*g**2 + 69*g + 56. Determine j(-33).
-43
Let w(q) = -88*q + 1324. Determine w(15).
4
Let y(l) = -l**3 + 20*l**2 - 71*l + 994. What is y(19)?
6
Let u(x) = x**2 + x - 45. Determine u(-13).
111
Let s(l) = 2*l**3 + 48*l**2 - 62*l - 4. Calculate s(-25).
296
Let c(p) = -80*p - 4307. Give c(-54).
13
Let k(a) = 61*a - 1334. Determine k(22).
8
Let b(s) = -s**3 - 2*s**2 + 5*s - 5. Determine b(2).
-11
Let q(l) = -44*l + 544. Determine q(17).
-204
Let j(k) = -771*k + 6904. Determine j(9).
-35
Let q(a) = -3496*a + 7000. Determine q(2).
8
Let o(w) = -47*w**2 - 207*w - 72. What is o(-4)?
4
Let g(s) = -2341*s - 14052. Give g(-6).
-6
Let z(c) = -c**2 + 55*c + 1414. Calculate z(-19).
8
Let p(m) = 84*m**3 + 3*m**2 + 4*m + 3. Give p(-1).
-82
Let w(p) = p**2 - 144*p + 1811. What is w(130)?
-9
Let b(y) = -470*y - 442. Calculate b(-1).
28
Let h(q) = -q**2 - 168*q - 832. Give h(-5).
-17
Let j(y) = 2*y**3 + 49*y**2 - 52*y - 691. What is j(-25)?
-16
Let q(y) = 3*y**3 - 6*y**2 + 9*y - 4. Give q(1).
2
Let v(t) = t**3 + 18*t**2 - 4*t - 24. Determine v(-18).
48
Let c(n) = -3*n**3 + 48*n**2 + 2*n + 21. Calculate c(16).
53
Let s(a) = 3*a**3 + 408*a**2 + 2*a + 278. Give s(-136).
6
Let f(p) = -11*p + 852. Determine f(73).
49
Let h(a) = -6*a + 49. Give h(6).
13
Let h(p) = -2*p**3 + 69*p**2 - 261*p + 99. Give h(30).
369
Let i(g) = 2*g**3 + 94*g**2 + 177*g - 131. Determine i(-45).
4
Let b(s) = 129*s + 11614. Calculate b(-90).
4
Let w(x) = x**2 - 48*x - 113. Calculate w(0).
-113
Let l(s) = 1165*s - 3498. Calculate l(3).
-3
Let g(x) = x**2 - 27*x + 33. What is g(18)?
-129
Let j(n) = -n**3 - 29*n**2 - 59*n - 200. What is j(-27)?
-65
Let q(h) = h**3 + 33*h**2 - h + 31. Determine q(-33).
64
Let f(k) = -k**2 - 76*k - 1399. What is f(-34)?
29
Let v(t) = -35*t + 299. De